ase 15
-100
What is -8 (base 11) in base 16?
-8
10 (base 2) to base 12
2
Convert 1 (base 8) to base 16.
1
1 (base 12) to base 3
1
What is 6 (base 15) in base 13?
6
Convert -151 (base 7) to base 16.
-55
-4 (base 10) to base 3
-11
Convert -12010 (base 3) to base 15.
-93
60 (base 8) to base 3
1210
-70 (base 9) to base 11
-58
Convert -12 (base 6) to base 2.
-1000
What is 45 (base 7) in base 15?
23
Convert 79 (base 12) to base 16.
5d
What is 33 (base 7) in base 3?
220
What is 2 (base 6) in base 5?
2
What is -4 (base 11) in base 16?
-4
-3 (base 8) to base 3
-10
Convert -9 (base 12) to base 14.
-9
Convert 25 (base 8) to base 9.
23
Convert -6 (base 16) to base 12.
-6
1 (base 5) to base 14
1
-2 (base 8) to base 2
-10
What is -2 (base 14) in base 8?
-2
What is 4 (base 7) in base 15?
4
What is 2 (base 14) in base 3?
2
What is 96 (base 10) in base 12?
80
What is 5a (base 15) in base 3?
10011
Convert -4 (base 13) to base 9.
-4
-63 (base 7) to base 14
-33
What is -d (base 14) in base 10?
-13
3 (base 11) to base 8
3
-24 (base 8) to base 9
-22
Convert 1 (base 4) to base 8.
1
Convert -6 (base 15) to base 16.
-6
What is 141 (base 5) in base 7?
64
What is -5 (base 16) in base 15?
-5
What is 52 (base 6) in base 9?
35
100 (base 2) to base 12
4
What is -18 (base 12) in base 2?
-10100
What is -1131 (base 6) in base 14?
-155
Convert 98 (base 14) to base 2.
10000110
1 (base 6) to base 12
1
What is -1010010 (base 2) in base 5?
-312
Convert 252 (base 6) to base 12.
88
0 (base 7) to base 9
0
Convert -a (base 11) to base 9.
-11
What is 2 (base 3) in base 14?
2
Convert -2 (base 5) to base 4.
-2
Convert 24 (base 7) to base 9.
20
What is 3e (base 16) in base 12?
52
What is -1 (base 11) in base 8?
-1
Convert -5 (base 8) to base 15.
-5
130 (base 4) to base 15
1d
-13 (base 15) to base 13
-15
Convert 4 (base 15) to base 11.
4
Convert -34 (base 7) to base 15.
-1a
10 (base 5) to base 14
5
What is -7b (base 16) in base 2?
-1111011
Convert -4 (base 6) to base 8.
-4
-2 (base 11) to base 3
-2
Convert 120 (base 3) to base 11.
14
-51 (base 15) to base 14
-56
Convert 11 (base 2) to base 5.
3
-8 (base 12) to base 16
-8
What is -51 (base 13) in base 8?
-102
Convert -1110 (base 2) to base 10.
-14
5 (base 7) to base 5
10
What is -165 (base 9) in base 6?
-352
What is 1010001 (base 2) in base 13?
63
-10101001 (base 2) to base 6
-441
-9 (base 12) to base 14
-9
What is 31 (base 5) in base 9?
17
Convert -11 (base 6) to base 12.
-7
What is 1 (base 8) in base 2?
1
302 (base 5) to base 3
2212
What is 64 (base 13) in base 2?
1010010
Convert -4 (base 6) to base 15.
-4
What is -3 (base 6) in base 8?
-3
What is -6 (base 15) in base 8?
-6
What is -7 (base 15) in base 4?
-13
What is 0 (base 13) in base 3?
0
-22 (base 4) to base 11
-a
-16 (base 7) to base 10
-13
Convert -432 (base 5) to base 2.
-1110101
What is 12 (base 8) in base 5?
20
What is 14 (base 7) in base 2?
1011
What is -33 (base 7) in base 10?
-24
-3 (base 11) to base 8
-3
What is 4 (base 9) in base 10?
4
233 (base 8) to base 6
415
What is 60 (base 10) in base 6?
140
-201 (base 4) to base 14
-25
Convert -a (base 13) to base 6.
-14
13 (base 5) to base 16
8
-b6 (base 15) to base 9
-210
44 (base 6) to base 12
24
What is -251 (base 9) in base 10?
-208
1 (base 8) to base 12
1
2 (base 8) to base 4
2
What is -13c (base 16) in base 7?
-631
What is -4 (base 16) in base 10?
-4
What is 100 (base 2) in base 12?
4
Convert 17 (base 9) to base 13.
13
Convert -10 (base 14) to base 16.
-e
-52 (base 8) to base 4
-222
What is 0 (base 5) in base 13?
0
Convert -3 (base 8) to base 7.
-3
-18 (base 13) to base 4
-111
What is -10002 (base 3) in base 5?
-313
-46 (base 16) to base 5
-240
What is -1022 (base 4) in base 14?
-54
What is 30 (base 7) in base 10?
21
201 (base 7) to base 4
1203
What is 36 (base 11) in base 4?
213
Convert 14 (base 6) to base 15.
a
What is -332 (base 6) in base 12?
-a8
What is -31 (base 4) in base 11?
-12
What is -5 (base 14) in base 3?
-12
-10000 (base 2) to base 8
-20
Convert 11 (base 6) to base 12.
7
-1026 (base 7) to base 13
-21c
What is -10 (base 8) in base 10?
-8
What is -101 (base 2) in base 3?
-12
Convert -4 (base 13) to base 3.
-11
Convert -3 (base 16) to base 4.
-3
Convert -4 (base 11) to base 13.
-4
What is 95 (base 12) in base 3?
11012
What is 1b (base 13) in base 4?
120
1 (base 10) to base 15
1
What is 14 (base 9) in base 4?
31
12 (base 3) to base 16
5
-5c (base 16) to base 10
-92
Convert f (base 16) to base 6.
23
What is 29 (base 10) in base 9?
32
-52 (base 16) to base 2
-1010010
-65 (base 9) to base 6
-135
What is -23 (base 9) in base 4?
-111
1b (base 12) to base 16
17
Convert 104 (base 14) to base 2.
11001000
Convert 5 (base 10) to base 6.
5
What is 54 (base 12) in base 7?
121
2 (base 8) to base 15
2
What is -5 (base 11) in base 15?
-5
What is -5 (base 13) in base 7?
-5
0 (base 7) to base 9
0
-3 (base 4) to base 7
-3
What is -5 (base 10) in base 14?
-5
Convert -14 (base 9) to base 4.
-31
10100 (base 2) to base 10
20
What is -1110 (base 3) in base 11?
-36
What is -7 (base 10) in base 8?
-7
What is -32 (base 6) in base 16?
-14
54 (base 13) to base 15
49
Convert -1033 (base 4) to base 13.
-61
Convert -44 (base 7) to base 12.
-28
Convert -440 (base 5) to base 4.
-1320
What is 81 (base 13) in base 6?
253
What is 33 (base 5) in base 8?
22
-24 (base 10) to base 13
-1b
5 (base 13) to base 12
5
What is 0 (base 6) in base 12?
0
What is 16 (base 11) in base 16?
11
-30 (base 5) to base 14
-11
Convert -4 (base 8) to base 9.
-4
What is c (base 13) in base 11?
11
What is 1 (base 10) in base 3?
1
What is -114 (base 15) in base 10?
-244
What is -1110000 (base 2) in base 4?
-1300
543 (base 6) to base 3
21200
Convert 8 (base 15) to base 6.
12
41 (base 5) to base 9
23
11 (base 2) to base 16
3
Convert 34 (base 7) to base 11.
23
10 (base 5) to base 16
5
119 (base 14) to base 10
219
66 (base 7) to base 11
44
-1 (base 6) to base 9
-1
22 (base 10) to base 6
34
What is 7 (base 9) in base 13?
7
What is -c (base 15) in base 13?
-c
-39 (base 12) to base 11
-41
What is -3 (base 13) in base 4?
-3
Convert 7 (base 12) to base 7.
10
-26 (base 13) to base 6
-52
Convert 165 (base 10) to base 8.
245
What is -113 (base 7) in base 6?
-135
What is -2201 (base 3) in base 5?
-243
d0 (base 16) to base 4
3100
Convert 21 (base 13) to base 15.
1c
3 (base 9) to base 10
3
-147 (base 14) to base 12
-197
What is -23 (base 4) in base 6?
-15
Convert -34 (base 16) to base 9.
-57
What is 0 (base 3) in base 2?
0
-16 (base 7) to base 15
-d
9 (base 10) to base 15
9
What is 269 (base 10) in base 15?
12e
What is 0 (base 4) in base 5?
0
Convert -164 (base 12) to base 3.
-22011
-1332 (base 5) to base 3
-22001
Convert 1 (base 15) to base 10.
1
What is 0 (base 16) in base 7?
0
What is 5 (base 15) in base 2?
101
Convert -10 (base 14) to base 12.
-12
Convert 1001 (base 2) to base 10.
9
What is -220 (base 3) in base 6?
-40
Convert 97 (base 13) to base 5.
444
What is 17 (base 8) in base 4?
33
-20100 (base 3) to base 7
-333
Convert -22 (base 7) to base 6.
-24
What is -14 (base 8) in base 12?
-10
What is 22 (base 16) in base 9?
37
Convert 1 (base 4) to base 3.
1
What is 1011100 (base 2) in base 12?
78
Convert -5 (base 10) to base 14.
-5
121 (base 4) to base 10
25
What is -14 (base 8) in base 7?
-15
What is 6 (base 15) in base 6?
10
Convert -1 (base 10) to base 3.
-1
-10 (base 5) to base 10
-5
-10 (base 3) to base 2
-11
a (base 15) to base 14
a
What is 40 (base 5) in base 3?
202
What is -5 (base 14) in base 7?
-5
-137 (base 14) to base 11
-203
Convert 10 (base 2) to base 5.
2
What is -12 (base 9) in base 5?
-21
What is -65 (base 16) in base 12?
-85
-118 (base 10) to base 5
-433
0 (base 8) to base 6
0
10 (base 2) to base 13
2
Convert -137 (base 8) to base 15.
-65
What is 2 (base 14) in base 16?
2
What is 10001 (base 2) in base 9?
18
What is -14 (base 8) in base 3?
-110
Convert 11 (base 2) to base 4.
3
What is -111 (base 2) in base 3?
-21
Convert -2 (base 9) to base 11.
-2
-1 (base 16) to base 13
-1
Convert -1 (base 3) to base 13.
-1
What is -1 (base 8) in base 2?
-1
-1232 (base 4) to base 13
-86
132 (base 8) to base 15
60
What is -1 (base 12) in base 6?
-1
Convert -4 (base 12) to base 16.
-4
110 (base 2) to base 9
6
Convert 202 (base 5) to base 14.
3a
13 (base 14) to base 8
21
Convert -8 (base 9)